uppose 4*b + b = -c + 12, 5*c - k*b - 144 = 0. Calculate the highest common divisor of t and c.
3
Suppose -2*o - 10 = -3*o. Let b(k) = -k**2 + 10*k + 1. Let h be b(o). What is the highest common factor of 2 and h?
1
Suppose -1260 = -12*y - 6*y. Calculate the greatest common factor of 80 and y.
10
Suppose 3*l - 5 = -11. Let b be 4 + (-4 - -2) + (24 - l). What is the highest common divisor of 70 and b?
14
Let x = 468 + -432. What is the highest common factor of x and 9?
9
Let r = -8 - -3. Let y be (-227)/r - 4/10. Suppose 0*s = s - 5*n - 15, 0 = 3*s - n - 87. What is the highest common factor of s and y?
15
Let g be 10/(-1)*(3 + -4). Let f = 22 - 20. Calculate the greatest common factor of f and g.
2
Suppose 1574 = 47*k + 352. Calculate the highest common factor of 2314 and k.
26
Let d(k) be the first derivative of 4*k**2 - 2*k + 1. Let x be d(-4). Let b = 10 - x. Calculate the greatest common divisor of 22 and b.
22
Let i = -582 - -803. What is the highest common divisor of 13 and i?
13
Let u(r) = r - 2. Let v be u(6). Suppose 9*i - 7*i = 12. Let k be ((-4)/(-5))/(i/120). Calculate the highest common divisor of k and v.
4
Let k(v) be the first derivative of -v**3/3 + 9*v**2 - 28*v - 17. Let h be k(16). Calculate the highest common factor of 32 and h.
4
Let a = 87 + -62. Let o(g) = 249*g**3 + 2*g**2 - 2*g + 1. Let w be o(1). Calculate the highest common divisor of a and w.
25
Suppose -f = -6*f + 55. Suppose f*v - 196 = 9*v. Calculate the highest common factor of v and 28.
14
Let v = -17 + 13. Let x be (-1 - v) + 71 + 3. Let u be (-2)/(-4)*(-1 + 23). Calculate the highest common factor of x and u.
11
Suppose f - 16 = -4*d, 0*f - 3*f - 12 = -3*d. Suppose 5*b - 19 + d = 0. Let h be b*6/9 + 4. Calculate the highest common factor of 9 and h.
3
Let i(a) = a**3 + 18*a**2 - 66*a - 59. Let m be i(-21). What is the highest common divisor of 10 and m?
2
Suppose 2*d - 12540 = -8*d. What is the highest common divisor of 66 and d?
66
Let l = 222 + -55. Let x = -111 + l. Calculate the highest common factor of x and 8.
8
Let p(i) = i**2 + 34*i - 53. Let s be p(-36). Calculate the greatest common divisor of 95 and s.
19
Suppose 0*m = -m + 7. Let j = 28 - m. Let r(h) = 8*h**3 - h**2 - h + 1. Let g be r(1). What is the highest common divisor of g and j?
7
Let w = -4 - -4. Suppose w = 3*u + 2*u - 55. Let f = -5 + u. What is the highest common factor of 2 and f?
2
Let o be 10 - (-12*124)/8. What is the greatest common factor of 1078 and o?
98
Let l(b) = 2*b + 41. Let r be l(-17). Suppose r + 3 = 5*d. Calculate the highest common divisor of d and 2.
2
Let m be ((-635)/(-127))/(1/58). What is the greatest common divisor of m and 110?
10
Suppose 394 = 2*a + 5*y, 20 = -7*y + 12*y. Calculate the greatest common divisor of 253 and a.
11
Suppose -y - 4*n - 27 = 0, -2*y + n - 5 = 4. Suppose 10*w = 8*w - 28. Let l be 1*y/(w/24). Calculate the highest common divisor of l and 6.
6
Suppose -4 = 4*m - 32. Suppose 2*v - 68 = r, 4*v - v - r - 103 = 0. Calculate the highest common divisor of v and m.
7
Let t be 20705/123 + ((-21)/9 - -2). What is the highest common factor of 32 and t?
8
Let b(m) = -m**2 + 25*m - 32. Let h be b(18). Let f = 106 - h. Calculate the highest common divisor of f and 18.
6
Let h(r) = -r + 9. Let m be h(-18). Let f = -70 - -124. Calculate the highest common divisor of f and m.
27
Let p be (3267/(-22))/(6/(-40)). What is the greatest common factor of 33 and p?
33
Suppose k - 20 - 52 = 0. Let j be (-5514)/(-51) + 2/(-17). Calculate the highest common factor of k and j.
36
Suppose -4*v + 55 = 3*p + 2*p, -3*v - p = -55. Suppose k - 10 = -4*k. Suppose 0*u + 360 = k*u. What is the highest common divisor of v and u?
20
Let i be (60/(-8))/(-3)*18. Let h = -33 + 38. Calculate the highest common divisor of h and i.
5
Suppose -2*n = -31 - 1. Let v be 8 + 0 + -6 + 5. Suppose -4*g + 9 + v = 0. Calculate the greatest common divisor of g and n.
4
Let i be (-3)/2 - (22/(-4) + 2). Suppose 0 = -d + 4*t + 38, 10 = -t - t. Calculate the highest common divisor of i and d.
2
Suppose -2 + 10 = 4*l, 2*j = 5*l - 6. Suppose -j*f = a + 4, -5*a + 2*a + 32 = -5*f. Calculate the greatest common divisor of 44 and a.
4
Let s = 89 - -10. Calculate the highest common divisor of s and 18.
9
Suppose 186*l = 174*l + 228. What is the greatest common factor of 475 and l?
19
Let s(t) = t**3 + 15*t**2 - 76*t + 2. Let k be s(-19). Suppose -2*u = -4*u + 36. What is the highest common factor of u and k?
2
Let i = 19 + -17. Suppose i = 2*v - 4. Suppose v*u - y - 14 = 3*y, -2*y = 5*u - 32. Calculate the highest common factor of 42 and u.
6
Suppose 3*o - 2*m - 35 = 0, 4*m = -o - m - 11. Suppose 0 = 4*i - 2*i - 18. What is the highest common divisor of o and i?
9
Suppose 2*f = 5*u + 112, 0 = f + 4*f - 5*u - 310. Let s = -40 + f. Let a be (7 + 45)*((-9)/(-6) - 0). What is the greatest common factor of s and a?
26
Let m = 516 - 201. Suppose 3*g = -0*g + m. Suppose 4*d = -16, -6*d - 38 = -2*l - 7*d. Calculate the greatest common factor of l and g.
21
Suppose -4*c + 2*c + b + 47 = 0, 0 = -5*b + 5. What is the highest common factor of 88 and c?
8
Suppose -2*j - 99 = -5*j. Let v(h) = h + 44. Let k be v(11). Calculate the greatest common factor of j and k.
11
Suppose -20 = -5*d, -3*f - 4*d + 413 + 1574 = 0. Calculate the greatest common divisor of f and 18.
9
Let v = 180 + 732. Calculate the greatest common divisor of 12 and v.
12
Let n be 4 - (-147)/3 - 1. Let m = 61 - n. Calculate the highest common factor of m and 81.
9
Let z = 36 + 9. Suppose -7*u - 252 = 49. Let i = -25 - u. Calculate the greatest common divisor of z and i.
9
Suppose 3*t - 2*d - 7 + 5 = 0, 3*t - 7 = d. Let u be 3*(112/12)/t - -4. What is the highest common factor of 22 and u?
11
Let c(u) = u**2 + 2*u + 10. Let h be c(-5). Calculate the highest common divisor of 15 and h.
5
Let w = 34 - 13. Suppose -4 = 4*i - 4*n, -2*i - 4*n = 17 + 15. Let s = 153 + i. Calculate the greatest common factor of s and w.
21
Let s be (-5)/20 + ((-141)/(-4))/1. Suppose 4*t - 48 = -4*n, 3*t - 2*t - 5 = 0. Calculate the greatest common factor of n and s.
7
Suppose -4*j - 8276 = -4*u, -15*j + 10*j = 3*u - 6199. Calculate the greatest common factor of u and 44.
44
Let t = 380 + 1068. What is the greatest common factor of t and 8?
8
Suppose 0 = -4*m - 4*v, 3*m + 2*m - 4*v = 27. Suppose -k - m = -6. Let r be (-2)/((-12)/27)*(-18)/(-27). Calculate the highest common factor of k and r.
3
Suppose 5*g - 203 - 22 = 0. Let i be (-6)/(-9)*(1 - -2). Suppose -t + i*t = g. Calculate the greatest common factor of 9 and t.
9
Suppose 3*f - 412 = -55. What is the greatest common divisor of 17 and f?
17
Let o(u) = 4*u**2 - 16*u + 57. Let b be o(3). What is the highest common factor of 495 and b?
45
Let d(n) = 10*n**3 - 10*n**2 + 11*n - 12. Let t be d(4). Calculate the highest common divisor of 16 and t.
16
Let v be 68*(140/84 - (-1)/(-6)). Calculate the highest common divisor of v and 6.
6
Let g(b) = b**3 - 19*b**2 + b + 46. Let v be g(19). Calculate the highest common divisor of 169 and v.
13
Let j be (10/(-6) - 5)/(2/(-21)). What is the greatest common divisor of j and 126?
14
Let l = -14 - -8. Let x be 244/10 + l/15. Let h be 15/(-3)*((-195)/25 + 3). What is the highest common factor of h and x?
24
Let s be 42/2*234/27. Suppose 3*g - 223 = s. What is the highest common factor of g and 54?
27
Suppose -36*v + 1771 = -29*v. What is the greatest common factor of v and 23?
23
Let m(k) = -k**3 + 5. Let g be m(0). Suppose g*q + 8 = 28. Suppose 56 = 5*d + q*b, -3*d - 5*b = 2*d - 55. What is the greatest common divisor of 8 and d?
4
Let a(r) = -7*r - 82. Let o be a(-12). What is the highest common divisor of 18 and o?
2
Suppose 0 = -s - 4*s + 2*r + 81, 91 = 5*s + 3*r. Let x = 12107 - 12056. Calculate the greatest common divisor of s and x.
17
Suppose -22 = 2*q - 50. Suppose q*j - 11 = 13*j. Let c = 41 - j. What is the greatest common factor of c and 6?
6
Let k be 3/((2/1)/2). Let j be (-2 - 76)*6/(-9). Suppose -k*u + j = -u. Calculate the greatest common divisor of 26 and u.
26
Let r be (1 - -9)/((-12)/(-84)). Suppose v = 3*v - r. Let t be (-162)/(-14) + 15/v. What is the highest common divisor of t and 36?
12
Suppose -f - 2 = -6. Suppose -f*q = 5*m - 276, 116 = 4*m - 2*m - 4*q. Let 